26367
What are the prime factors of 2266651?
53, 42767
What are the prime factors of 21826091?
7, 3118013
What are the prime factors of 64661722?
2, 31, 1042931
List the prime factors of 343364281.
13, 47, 727, 773
List the prime factors of 735421794.
2, 3, 1361, 90059
What are the prime factors of 1813906535?
5, 7, 19, 2727679
What are the prime factors of 2734709?
59, 46351
What are the prime factors of 16755689?
661, 25349
List the prime factors of 1355858813.
71, 19096603
What are the prime factors of 1308046333?
11, 31, 3835913
List the prime factors of 638862057.
3, 17, 239, 17471
List the prime factors of 189153041.
7, 11, 31, 109, 727
What are the prime factors of 119416585?
5, 17, 109, 12889
List the prime factors of 6151913892.
2, 3, 89, 281, 6833
What are the prime factors of 440019591?
3, 11, 2129, 6263
What are the prime factors of 43177285?
5, 257, 33601
List the prime factors of 659229759.
3, 8138639
List the prime factors of 122125977.
3, 17, 19, 43, 977
What are the prime factors of 67795021?
7, 19, 509737
List the prime factors of 65433888.
2, 3, 13, 17477
What are the prime factors of 82116605?
5, 73, 224977
What are the prime factors of 13183392?
2, 3, 89, 1543
What are the prime factors of 2510873373?
3, 2749, 304459
What are the prime factors of 54054618?
2, 3, 9009103
What are the prime factors of 3135166?
2, 599, 2617
List the prime factors of 3335313220.
2, 5, 166765661
List the prime factors of 67818581.
19, 3569399
What are the prime factors of 126683908?
2, 13, 23, 73, 1451
List the prime factors of 147306046.
2, 43, 1712861
What are the prime factors of 45090107?
283, 563
List the prime factors of 483039286.
2, 41, 1907, 3089
List the prime factors of 6840008855.
5, 317, 4315463
List the prime factors of 2415943301.
241, 10024661
What are the prime factors of 111961905?
3, 5, 11, 61687
List the prime factors of 107186907.
3, 35728969
What are the prime factors of 31287303?
3, 386263
List the prime factors of 40411441.
7, 5773063
What are the prime factors of 2115864?
2, 3, 29387
What are the prime factors of 734106019?
17, 23, 43, 47, 929
List the prime factors of 3040138179.
3, 13, 29, 896003
List the prime factors of 581807700.
2, 3, 5, 646453
List the prime factors of 278820684.
2, 3, 2581673
List the prime factors of 690554159.
443, 1558813
List the prime factors of 1827772981.
33409, 54709
What are the prime factors of 7669878?
2, 3, 37, 34549
List the prime factors of 3607335737.
2753, 1310329
What are the prime factors of 1203659069?
23, 821, 63743
What are the prime factors of 1907614606?
2, 29, 569, 57803
What are the prime factors of 213268775?
5, 59, 144589
List the prime factors of 1817515242.
2, 3, 83, 1216543
List the prime factors of 926768799.
3, 11, 73, 128237
List the prime factors of 319983007.
319983007
What are the prime factors of 718478548?
2, 17, 10565861
List the prime factors of 7471249728.
2, 3, 53, 734203
List the prime factors of 192147025.
5, 7, 1097983
List the prime factors of 2484382420.
2, 5, 13, 53, 180289
List the prime factors of 56329587.
3, 231809
List the prime factors of 243481010.
2, 5, 19, 71, 18049
List the prime factors of 142140751.
8929, 15919
List the prime factors of 36582339.
3, 509, 23957
What are the prime factors of 215515533?
3, 71838511
What are the prime factors of 123337126?
2, 11, 827, 6779
List the prime factors of 224788611.
3, 74929537
List the prime factors of 9644201.
7, 281, 4903
List the prime factors of 39218420.
2, 5, 1960921
What are the prime factors of 27909489?
3, 9303163
What are the prime factors of 212233118?
2, 101, 281, 3739
List the prime factors of 112844507.
112844507
List the prime factors of 810372065.
5, 17, 9533789
List the prime factors of 142303703.
349, 407747
List the prime factors of 50962421.
50962421
What are the prime factors of 76628076?
2, 3, 7, 912239
List the prime factors of 17726791.
19, 173, 5393
List the prime factors of 1314918160.
2, 5, 3001, 5477
What are the prime factors of 1672456?
2, 19, 11003
List the prime factors of 60765634.
2, 59, 71, 7253
List the prime factors of 44371660.
2, 5, 2218583
What are the prime factors of 2338567570?
2, 5, 4547, 51431
What are the prime factors of 356555596?
2, 19, 4691521
What are the prime factors of 2134059147?
3, 11, 17, 271, 4679
What are the prime factors of 154746459?
3, 7, 350899
What are the prime factors of 89171157?
3, 2797, 10627
What are the prime factors of 154668657?
3, 11, 13, 347, 1039
List the prime factors of 106720924.
2, 26680231
What are the prime factors of 44931737?
827, 54331
What are the prime factors of 6795030?
2, 3, 5, 11, 59, 349
What are the prime factors of 5212411146?
2, 3, 7993, 36229
What are the prime factors of 2793511976?
2, 241, 379, 3823
List the prime factors of 387515210.
2, 5, 38751521
List the prime factors of 1042774728.
2, 3, 71, 611957
List the prime factors of 1372982914.
2, 53, 12952669
What are the prime factors of 225550694?
2, 347, 325001
What are the prime factors of 489574875?
3, 5, 1305533
What are the prime factors of 908711018?
2, 7687, 59107
List the prime factors of 44457490.
2, 5, 7, 11, 57737
List the prime factors of 384245931.
3, 163, 785779
What are the prime factors of 315069418?
2, 53, 107, 27779
List the prime factors of 507301431.
3, 7, 13, 271, 6857
List the prime factors of 945272746.
2, 11, 4969, 8647
List the prime factors of 2108637888.
2, 3, 7, 1568927
List the prime factors of 727533494.
2, 363766747
What are the prime factors of 3705789920?
2, 5, 7, 41, 80701
List the prime factors of 523092177.
3, 1531, 37963
List the prime factors of 449176357.
7, 64168051
What are the prime factors of 2756010483?
3, 306223387
What are the prime factors of 77967335?
5, 1669, 9343
What are the prime factors of 1413587508?
2, 3, 163, 277, 2609
What are the prime factors of 95683015?
5, 1021, 18743
What are the prime factors of 1711598072?
2, 12659, 16901
List the prime factors of 410086391.
11, 13, 2867737
What are the prime factors of 776310621?
3, 251, 1030957
What are the prime factors of 8776107074?
2, 7, 1609, 7951
List the prime factors of 426142102.
2, 10267, 20753
What are the prime factors of 82521297?
3, 2411, 3803
What are the prime factors of 110161799?
11, 10014709
What are the prime factors of 5127387430?
2, 5, 11, 41, 113, 10061
List the prime factors of 18484444.
2, 11, 181, 211
List the prime factors of 31941590.
2, 5, 3194159
What are the prime factors of 72873444?
2, 3, 7, 867541
List the prime factors of 3360275947.
7, 17, 28237613
What are the prime factors of 3819586892?
2, 11, 101, 859493
What are the prime factors of 89076375?
3, 5, 26393
What are the prime factors of 4248667042?
2, 23, 757, 122011
List the prime factors of 1783075343.
7, 53, 191, 25163
What are the prime factors of 76017645?
3, 5, 11, 23, 607
What are the prime factors of 50773507?
83, 611729
What are the prime factors of 28130909?
23, 1223083
List the prime factors of 976435597.
29, 33670193
What are the prime factors of 72738821?
19, 3828359
List the prime factors of 335158533.
3, 751, 16529
List the prime factors of 4498221939.
3, 15739, 95267
List the prime factors of 263489970.
2, 3, 5, 17, 30391
What are the prime factors of 7543821627?
3, 37, 61, 79, 1567
List the prime factors of 601826735.
5, 120365347
What are the prime factors of 3515182?
2, 11, 23, 6947
List the prime factors of 58158796.
2, 757, 19207
List the prime factors of 934882889.
29, 61, 347, 1523
List the prime factors of 73216977.
3, 17, 1435627
List the prime factors of 655503604.
2, 7, 23410843
List the prime factors of 2622478007.
1217, 2154871
List the prime factors of 1390059840.
2, 3, 5, 13, 31, 3593
List the prime factors of 29511186.
2, 3, 1801, 2731
What are the prime factors of 22266656?
2, 127, 5479
List the prime factors of 1002206811.
3, 334068937
List the prime factors of 1897848.
2, 3, 43, 613
What are the prime factors of 1271661528?
2, 3, 52985897
What are the prime factors of 981128211?
3, 7, 46720391
List the prime factors of 787596406.
2, 23, 491, 34871
List the prime factors of 173213075.
5, 7, 557, 1777
List the prime factors of 20972698.
2, 10486349
What are the prime factors of 37625840?
2, 5, 7, 67189
List the prime factors o